{"id":11612,"date":"2019-03-22T12:45:13","date_gmt":"2019-03-22T11:45:13","guid":{"rendered":"https:\/\/ccportugalparts.com\/index.php\/product\/filtro-ar-15\/"},"modified":"2025-02-10T15:22:22","modified_gmt":"2025-02-10T14:22:22","slug":"filtro-ar-15","status":"publish","type":"product","link":"https:\/\/ccportugalparts.com\/index.php\/product\/filtro-ar-15\/","title":{"rendered":"Filtro Ar"},"content":{"rendered":"<p>Deve-se efetuar a troca do elemento regularmente. Em autom\u00f3veis, a frequ\u00eancia varia de acordo com o motor e a recomenda\u00e7\u00e3o do fabricante, normalmente de oito a quinze mil quil\u00f4metros em atividade normal, podendo esse n\u00famero cair em condi\u00e7\u00f5es de uso, como trilhas, ambiente muito empoeirados ou arenosos. O elemento do Filtro Ar \u00e9 um componente relativamente barato, mas pode ser o respons\u00e1vel por danos de alto custo ao motor caso sua substitui\u00e7\u00e3o dentro das especifica\u00e7\u00f5es indicadas pelo fabricante sejam negligenciadas.<\/p>\n","protected":false},"excerpt":{"rendered":"<p>Deve-se efetuar a troca do elemento regularmente. Em autom\u00f3veis, a frequ\u00eancia varia de acordo com o motor e a recomenda\u00e7\u00e3o do fabricante, normalmente de oito a quinze mil quil\u00f4metros em atividade normal, podendo esse n\u00famero cair em condi\u00e7\u00f5es de uso, como trilhas, ambiente muito empoeirados ou arenosos. O elemento do Filtro Ar \u00e9 um componente<br \/><a class=\"more-link\" href=\"https:\/\/ccportugalparts.com\/index.php\/product\/filtro-ar-15\/\"><br \/>\n        Read More<span class=\"screen-reader-text\"> &#8220;Filtro Ar&#8221;<\/span><\/a><\/p>\n","protected":false},"featured_media":9738,"comment_status":"open","ping_status":"closed","template":"","meta":[],"product_brand":[],"product_cat":[189],"product_tag":[],"class_list":{"0":"post-11612","1":"product","2":"type-product","3":"status-publish","4":"has-post-thumbnail","6":"product_cat-hiace-iv-24-4wd","7":"pa_versao-gasolina","8":"badges-style-3","10":"first","11":"instock","12":"taxable","13":"shipping-taxable","14":"purchasable","15":"product-type-simple"},"yoast_head":"<!-- This site is optimized with the Yoast SEO plugin v27.4 - https:\/\/yoast.com\/product\/yoast-seo-wordpress\/ -->\n<title>Filtro Ar - CC Portugal Parts<\/title>\n<meta name=\"robots\" content=\"index, follow, max-snippet:-1, max-image-preview:large, max-video-preview:-1\" \/>\n<link rel=\"canonical\" href=\"https:\/\/ccportugalparts.com\/index.php\/product\/filtro-ar-15\/\" \/>\n<meta property=\"og:locale\" content=\"pt_PT\" \/>\n<meta property=\"og:type\" content=\"article\" \/>\n<meta property=\"og:title\" content=\"Filtro Ar - CC Portugal Parts\" \/>\n<meta property=\"og:description\" content=\"Deve-se efetuar a troca do elemento regularmente. Em autom\u00f3veis, a frequ\u00eancia varia de acordo com o motor e a recomenda\u00e7\u00e3o do fabricante, normalmente de oito a quinze mil quil\u00f4metros em atividade normal, podendo esse n\u00famero cair em condi\u00e7\u00f5es de uso, como trilhas, ambiente muito empoeirados ou arenosos. O elemento do Filtro Ar \u00e9 um componente     Read More &quot;Filtro Ar&quot;\" \/>\n<meta property=\"og:url\" content=\"https:\/\/ccportugalparts.com\/index.php\/product\/filtro-ar-15\/\" \/>\n<meta property=\"og:site_name\" content=\"CC Portugal Parts\" \/>\n<meta property=\"article:modified_time\" content=\"2025-02-10T14:22:22+00:00\" \/>\n<meta property=\"og:image\" content=\"https:\/\/ccportugalparts.com\/wp-content\/uploads\/2019\/01\/60103.jpg\" \/>\n\t<meta property=\"og:image:width\" content=\"225\" \/>\n\t<meta property=\"og:image:height\" content=\"225\" \/>\n\t<meta property=\"og:image:type\" content=\"image\/jpeg\" \/>\n<meta name=\"twitter:card\" content=\"summary_large_image\" \/>\n<script type=\"application\/ld+json\" class=\"yoast-schema-graph\">{\"@context\":\"https:\\\/\\\/schema.org\",\"@graph\":[{\"@type\":\"WebPage\",\"@id\":\"https:\\\/\\\/ccportugalparts.com\\\/index.php\\\/product\\\/filtro-ar-15\\\/\",\"url\":\"https:\\\/\\\/ccportugalparts.com\\\/index.php\\\/product\\\/filtro-ar-15\\\/\",\"name\":\"Filtro Ar - CC Portugal Parts\",\"isPartOf\":{\"@id\":\"https:\\\/\\\/ccportugalparts.com\\\/#website\"},\"primaryImageOfPage\":{\"@id\":\"https:\\\/\\\/ccportugalparts.com\\\/index.php\\\/product\\\/filtro-ar-15\\\/#primaryimage\"},\"image\":{\"@id\":\"https:\\\/\\\/ccportugalparts.com\\\/index.php\\\/product\\\/filtro-ar-15\\\/#primaryimage\"},\"thumbnailUrl\":\"https:\\\/\\\/i0.wp.com\\\/ccportugalparts.com\\\/wp-content\\\/uploads\\\/2019\\\/01\\\/60103.jpg?fit=225%2C225&ssl=1\",\"datePublished\":\"2019-03-22T11:45:13+00:00\",\"dateModified\":\"2025-02-10T14:22:22+00:00\",\"breadcrumb\":{\"@id\":\"https:\\\/\\\/ccportugalparts.com\\\/index.php\\\/product\\\/filtro-ar-15\\\/#breadcrumb\"},\"inLanguage\":\"pt-PT\",\"potentialAction\":[{\"@type\":\"ReadAction\",\"target\":[\"https:\\\/\\\/ccportugalparts.com\\\/index.php\\\/product\\\/filtro-ar-15\\\/\"]}]},{\"@type\":\"ImageObject\",\"inLanguage\":\"pt-PT\",\"@id\":\"https:\\\/\\\/ccportugalparts.com\\\/index.php\\\/product\\\/filtro-ar-15\\\/#primaryimage\",\"url\":\"https:\\\/\\\/i0.wp.com\\\/ccportugalparts.com\\\/wp-content\\\/uploads\\\/2019\\\/01\\\/60103.jpg?fit=225%2C225&ssl=1\",\"contentUrl\":\"https:\\\/\\\/i0.wp.com\\\/ccportugalparts.com\\\/wp-content\\\/uploads\\\/2019\\\/01\\\/60103.jpg?fit=225%2C225&ssl=1\",\"width\":225,\"height\":225},{\"@type\":\"BreadcrumbList\",\"@id\":\"https:\\\/\\\/ccportugalparts.com\\\/index.php\\\/product\\\/filtro-ar-15\\\/#breadcrumb\",\"itemListElement\":[{\"@type\":\"ListItem\",\"position\":1,\"name\":\"In\u00edcio\",\"item\":\"https:\\\/\\\/ccportugalparts.com\\\/\"},{\"@type\":\"ListItem\",\"position\":2,\"name\":\"Loja\",\"item\":\"https:\\\/\\\/ccportugalparts.com\\\/index.php\\\/loja\\\/\"},{\"@type\":\"ListItem\",\"position\":3,\"name\":\"Filtro Ar\"}]},{\"@type\":\"WebSite\",\"@id\":\"https:\\\/\\\/ccportugalparts.com\\\/#website\",\"url\":\"https:\\\/\\\/ccportugalparts.com\\\/\",\"name\":\"CC Portugal Parts\",\"description\":\"\",\"publisher\":{\"@id\":\"https:\\\/\\\/ccportugalparts.com\\\/#organization\"},\"potentialAction\":[{\"@type\":\"SearchAction\",\"target\":{\"@type\":\"EntryPoint\",\"urlTemplate\":\"https:\\\/\\\/ccportugalparts.com\\\/?s={search_term_string}\"},\"query-input\":{\"@type\":\"PropertyValueSpecification\",\"valueRequired\":true,\"valueName\":\"search_term_string\"}}],\"inLanguage\":\"pt-PT\"},{\"@type\":\"Organization\",\"@id\":\"https:\\\/\\\/ccportugalparts.com\\\/#organization\",\"name\":\"CC Portugal Parts\",\"url\":\"https:\\\/\\\/ccportugalparts.com\\\/\",\"logo\":{\"@type\":\"ImageObject\",\"inLanguage\":\"pt-PT\",\"@id\":\"https:\\\/\\\/ccportugalparts.com\\\/#\\\/schema\\\/logo\\\/image\\\/\",\"url\":\"https:\\\/\\\/ccportugalparts.com\\\/wp-content\\\/uploads\\\/2018\\\/12\\\/CC-Portugal-Parts.png\",\"contentUrl\":\"https:\\\/\\\/ccportugalparts.com\\\/wp-content\\\/uploads\\\/2018\\\/12\\\/CC-Portugal-Parts.png\",\"width\":960,\"height\":560,\"caption\":\"CC Portugal Parts\"},\"image\":{\"@id\":\"https:\\\/\\\/ccportugalparts.com\\\/#\\\/schema\\\/logo\\\/image\\\/\"}}]}<\/script>\n<!-- \/ Yoast SEO plugin. -->","yoast_head_json":{"title":"Filtro Ar - CC Portugal Parts","robots":{"index":"index","follow":"follow","max-snippet":"max-snippet:-1","max-image-preview":"max-image-preview:large","max-video-preview":"max-video-preview:-1"},"canonical":"https:\/\/ccportugalparts.com\/index.php\/product\/filtro-ar-15\/","og_locale":"pt_PT","og_type":"article","og_title":"Filtro Ar - CC Portugal Parts","og_description":"Deve-se efetuar a troca do elemento regularmente. Em autom\u00f3veis, a frequ\u00eancia varia de acordo com o motor e a recomenda\u00e7\u00e3o do fabricante, normalmente de oito a quinze mil quil\u00f4metros em atividade normal, podendo esse n\u00famero cair em condi\u00e7\u00f5es de uso, como trilhas, ambiente muito empoeirados ou arenosos. O elemento do Filtro Ar \u00e9 um componente     Read More \"Filtro Ar\"","og_url":"https:\/\/ccportugalparts.com\/index.php\/product\/filtro-ar-15\/","og_site_name":"CC Portugal Parts","article_modified_time":"2025-02-10T14:22:22+00:00","og_image":[{"width":225,"height":225,"url":"https:\/\/ccportugalparts.com\/wp-content\/uploads\/2019\/01\/60103.jpg","type":"image\/jpeg"}],"twitter_card":"summary_large_image","schema":{"@context":"https:\/\/schema.org","@graph":[{"@type":"WebPage","@id":"https:\/\/ccportugalparts.com\/index.php\/product\/filtro-ar-15\/","url":"https:\/\/ccportugalparts.com\/index.php\/product\/filtro-ar-15\/","name":"Filtro Ar - CC Portugal Parts","isPartOf":{"@id":"https:\/\/ccportugalparts.com\/#website"},"primaryImageOfPage":{"@id":"https:\/\/ccportugalparts.com\/index.php\/product\/filtro-ar-15\/#primaryimage"},"image":{"@id":"https:\/\/ccportugalparts.com\/index.php\/product\/filtro-ar-15\/#primaryimage"},"thumbnailUrl":"https:\/\/i0.wp.com\/ccportugalparts.com\/wp-content\/uploads\/2019\/01\/60103.jpg?fit=225%2C225&ssl=1","datePublished":"2019-03-22T11:45:13+00:00","dateModified":"2025-02-10T14:22:22+00:00","breadcrumb":{"@id":"https:\/\/ccportugalparts.com\/index.php\/product\/filtro-ar-15\/#breadcrumb"},"inLanguage":"pt-PT","potentialAction":[{"@type":"ReadAction","target":["https:\/\/ccportugalparts.com\/index.php\/product\/filtro-ar-15\/"]}]},{"@type":"ImageObject","inLanguage":"pt-PT","@id":"https:\/\/ccportugalparts.com\/index.php\/product\/filtro-ar-15\/#primaryimage","url":"https:\/\/i0.wp.com\/ccportugalparts.com\/wp-content\/uploads\/2019\/01\/60103.jpg?fit=225%2C225&ssl=1","contentUrl":"https:\/\/i0.wp.com\/ccportugalparts.com\/wp-content\/uploads\/2019\/01\/60103.jpg?fit=225%2C225&ssl=1","width":225,"height":225},{"@type":"BreadcrumbList","@id":"https:\/\/ccportugalparts.com\/index.php\/product\/filtro-ar-15\/#breadcrumb","itemListElement":[{"@type":"ListItem","position":1,"name":"In\u00edcio","item":"https:\/\/ccportugalparts.com\/"},{"@type":"ListItem","position":2,"name":"Loja","item":"https:\/\/ccportugalparts.com\/index.php\/loja\/"},{"@type":"ListItem","position":3,"name":"Filtro Ar"}]},{"@type":"WebSite","@id":"https:\/\/ccportugalparts.com\/#website","url":"https:\/\/ccportugalparts.com\/","name":"CC Portugal Parts","description":"","publisher":{"@id":"https:\/\/ccportugalparts.com\/#organization"},"potentialAction":[{"@type":"SearchAction","target":{"@type":"EntryPoint","urlTemplate":"https:\/\/ccportugalparts.com\/?s={search_term_string}"},"query-input":{"@type":"PropertyValueSpecification","valueRequired":true,"valueName":"search_term_string"}}],"inLanguage":"pt-PT"},{"@type":"Organization","@id":"https:\/\/ccportugalparts.com\/#organization","name":"CC Portugal Parts","url":"https:\/\/ccportugalparts.com\/","logo":{"@type":"ImageObject","inLanguage":"pt-PT","@id":"https:\/\/ccportugalparts.com\/#\/schema\/logo\/image\/","url":"https:\/\/ccportugalparts.com\/wp-content\/uploads\/2018\/12\/CC-Portugal-Parts.png","contentUrl":"https:\/\/ccportugalparts.com\/wp-content\/uploads\/2018\/12\/CC-Portugal-Parts.png","width":960,"height":560,"caption":"CC Portugal Parts"},"image":{"@id":"https:\/\/ccportugalparts.com\/#\/schema\/logo\/image\/"}}]}},"jetpack_sharing_enabled":true,"_links":{"self":[{"href":"https:\/\/ccportugalparts.com\/index.php\/wp-json\/wp\/v2\/product\/11612","targetHints":{"allow":["GET"]}}],"collection":[{"href":"https:\/\/ccportugalparts.com\/index.php\/wp-json\/wp\/v2\/product"}],"about":[{"href":"https:\/\/ccportugalparts.com\/index.php\/wp-json\/wp\/v2\/types\/product"}],"replies":[{"embeddable":true,"href":"https:\/\/ccportugalparts.com\/index.php\/wp-json\/wp\/v2\/comments?post=11612"}],"wp:featuredmedia":[{"embeddable":true,"href":"https:\/\/ccportugalparts.com\/index.php\/wp-json\/wp\/v2\/media\/9738"}],"wp:attachment":[{"href":"https:\/\/ccportugalparts.com\/index.php\/wp-json\/wp\/v2\/media?parent=11612"}],"wp:term":[{"taxonomy":"product_brand","embeddable":true,"href":"https:\/\/ccportugalparts.com\/index.php\/wp-json\/wp\/v2\/product_brand?post=11612"},{"taxonomy":"product_cat","embeddable":true,"href":"https:\/\/ccportugalparts.com\/index.php\/wp-json\/wp\/v2\/product_cat?post=11612"},{"taxonomy":"product_tag","embeddable":true,"href":"https:\/\/ccportugalparts.com\/index.php\/wp-json\/wp\/v2\/product_tag?post=11612"}],"curies":[{"name":"wp","href":"https:\/\/api.w.org\/{rel}","templated":true}]}}